ivide 1812536?
True
Is 150467 a multiple of 78?
False
Does 5 divide 1001825?
True
Is 6577948 a multiple of 17?
False
Is 31659 a multiple of 61?
True
Is 3 a factor of 61191?
True
Is 75922 a multiple of 22?
True
Is 38285 a multiple of 19?
True
Does 24 divide 5904620?
False
Is 106 a factor of 692066?
False
Is 4371902 a multiple of 36?
False
Does 18 divide 1264968?
True
Does 66 divide 1215522?
True
Is 690766 a multiple of 595?
False
Is 3049305 even?
False
Is 9 a factor of 17271?
True
Does 2 divide 1569?
False
Is 10 a factor of 289612?
False
Is 247921 a multiple of 146?
False
Is 49 a factor of 2428469?
False
Does 66 divide 637046?
False
Does 13 divide 7610955?
False
Does 79 divide 1080483?
True
Is 391359 a multiple of 145?
False
Is 2234832 a multiple of 12?
True
Is 8 a factor of 111359?
False
Is 50 a factor of 18123135?
False
Is 66 a factor of 65379?
False
Does 75 divide 2207923?
False
Does 35 divide 12460?
True
Does 23 divide 206183?
False
Is 20873 a multiple of 15?
False
Is 10 a factor of 11647?
False
Does 22 divide 49852?
True
Does 47 divide 105750?
True
Is 39 a factor of 560430?
True
Does 151 divide 3098616?
False
Is 3530592 a multiple of 984?
True
Is 595920 a multiple of 60?
True
Does 27 divide 3909751?
False
Does 16 divide 603114?
False
Is 445176 a multiple of 243?
True
Does 45 divide 719325?
True
Is 268 a factor of 136858?
False
Is 412930 a multiple of 85?
True
Is 491678 a multiple of 22?
True
Does 12 divide 3015216?
True
Is 231749 a multiple of 7?
True
Is 7715290 a multiple of 110?
True
Is 845987 a multiple of 15?
False
Is 1819489 a multiple of 29?
True
Is 34 a factor of 821723?
False
Does 30 divide 47601?
False
Is 145 a factor of 433486?
False
Is 7 a factor of 221473?
True
Does 521 divide 271962?
True
Is 478 a factor of 447408?
True
Does 108 divide 1095510?
False
Does 363 divide 225060?
True
Does 709 divide 532256?
False
Is 387 a factor of 186232?
False
Is 11864872 a multiple of 65?
False
Is 5730950 a multiple of 624?
False
Is 757295 a multiple of 539?
True
Is 650572 a multiple of 13?
True
Is 865208 even?
True
Is 111 a factor of 1046925?
False
Is 574 a factor of 425908?
True
Does 14 divide 38343?
False
Does 187 divide 189244?
True
Is 2809214 a multiple of 715?
False
Is 451703 a multiple of 19?
False
Does 73 divide 266450?
True
Is 3553315 a multiple of 6?
False
Is 427 a factor of 637813?
False
Does 6 divide 3224596?
False
Is 86460 a multiple of 66?
True
Is 175 a factor of 602175?
True
Is 1566900 a multiple of 60?
True
Is 2217100 a multiple of 292?
False
Does 1141 divide 8038345?
True
Does 4 divide 7707?
False
Is 208 a factor of 12735?
False
Does 35 divide 243497?
False
Is 16 a factor of 2649968?
True
Is 94806 a multiple of 229?
True
Is 142 a factor of 1196066?
True
Is 552 a factor of 1252996?
False
Is 489 a factor of 499550?
False
Is 112933 a multiple of 208?
False
Is 11 a factor of 445696?
False
Does 19 divide 179125?
False
Is 23327896 a multiple of 1838?
True
Is 1066 a factor of 970060?
True
Is 11 a factor of 9333764?
True
Is 12601547 a multiple of 101?
False
Is 38 a factor of 45258?
True
Does 398 divide 186264?
True
Does 59 divide 711965?
False
Is 381 a factor of 1185291?
True
Is 10 a factor of 14335250?
True
Does 378 divide 2689152?
False
Is 38 a factor of 209230?
False
Is 207 a factor of 1048933?
False
Is 106175 a multiple of 25?
True
Is 180 a factor of 7578315?
False
Is 91 a factor of 1452724?
True
Is 403704 a multiple of 54?
True
Is 549467 a multiple of 59?
True
Is 310 a factor of 4367280?
True
Is 4346043 a multiple of 6?
False
Is 9 a factor of 742716?
True
Is 246393 a multiple of 74?
False
Is 867 a factor of 72410?
False
Does 348 divide 1025904?
True
Is 3009331 a multiple of 13?
True
Is 206 a factor of 109757?
False
Is 6042290 a multiple of 108?
False
Is 59 a factor of 4986680?
True
Is 94 a factor of 516154?
True
Is 128 a factor of 209920?
True
Is 238761 a multiple of 333?
True
Is 1286725 a multiple of 430?
False
Is 61236 a multiple of 84?
True
Is 320 a factor of 262651?
False
Is 164036 a multiple of 92?
True
Is 6072528 a multiple of 211?
False
Is 21 a factor of 395997?
True
Is 9 a factor of 441558?
True
Is 19 a factor of 114912?
True
Is 98 a factor of 179968?
False
Is 21 a factor of 1957391?
False
Is 17827014 a multiple of 832?
False
Does 80 divide 12989440?
True
Is 10 a factor of 3708450?
True
Is 2538240 a multiple of 630?
False
Is 744688 a multiple of 3?
False
Is 788494 a multiple of 34?
True
Does 39 divide 238686?
False
Is 165 a factor of 131175?
True
Is 402960 a multiple of 184?
True
Is 586 a factor of 73819?
False
Is 652 a multiple of 225?
False
Is 116 a factor of 255391?
False
Is 7621339 a multiple of 1277?
False
Does 4 divide 76612?
True
Is 247682 a multiple of 191?
False
Is 81 a factor of 268596?
True
Does 33 divide 45658?
False
Is 115 a factor of 192165?
True
Is 152525 a multiple of 39?
False
Is 283 a factor of 5241756?
False
Does 44 divide 5575856?
True
Is 89 a factor of 295658?
True
Is 108 a factor of 72792?
True
Is 93450 a multiple of 546?
False
Does 62 divide 2162476?
False
Does 56 divide 634349?
False
Does 59 divide 154993?
True
Does 13 divide 836355?
True
Is 136158 a multiple of 16?
False
Is 201 a factor of 3311073?
True
Is 11 a factor of 22?
True
Is 285 a factor of 531810?
True
Is 37 a factor of 208704?
False
Is 19 a factor of 2889615?
True
Is 112 a factor of 249984?
True
Is 121 a factor of 1364247?
False
Is 769776 a multiple of 6?
True
Is 434672 a multiple of 14?
True
Is 32356 even?
True
Is 41985 a multiple of 9?
True
Is 233 a factor of 65473?
True
Is 91806 a multiple of 321?
True
Is 24712 a multiple of 21?
False
Is 14200768 a multiple of 94?
True
Is 283 a factor of 2605015?
True
Is 69165 a multiple of 9?
True
Does 22 divide 4888202?
True
Is 517 a factor of 4010067?
False
Is 134 a factor of 175699?
False
Is 233 a factor of 5572428?
True
Does 345 divide 160080?
True
Is 22 a factor of 10847562?
True
Is 129 a factor of 5782941?
True
Does 142 divide 15182072?
True
Does 505 divide 13047685?
True
Is 21 a factor of 40855?
False
Is 246425 a multiple of 98?
False
Does 22 divide 58558?
False
Is 322 a factor of 811519?
False
Does 125 divide 67496?
False
Does 60 divide 1497840?
True
Is 38 a factor of 1221206?
True
Does 55 divide 10455607?
False
Does 285 divide 208050?
True
Is 433 a factor of 1169533?
True
Is 479563 a multiple of 51?
False
Is 11128860 a multiple of 240?
False
Is 230300 a multiple of 188?
True
Does 4 divide 507588?
True
Is 29 a factor of 161298?
True
Is 2 a factor of 607706?
True
Does 35 divide 11116528?
False
Is 13 a factor of 69277?
True
Is 198 a factor of 8118198?
True
Is 41 a factor of 1481207?
True
Does 808 divide 69627?
False
Does 1123 divide 662686?
False
Is 665 a factor of 2324206?
False
Is 575190 a multiple of 830?
True
Is 426568 a multiple of 44?
False
Does 273 divide 92417?
False
Does 5 divide 55003?
False
Is 32 a factor of 237472?
True
Is 5661048 a multiple of 4?
True
Does 1955 divide 7712475?
True
Is 5 a factor of 197?
False
Is 75 a factor of 5466214?
False
Is 53 a factor of 4588475?
True
Is 13246038 a multiple of 702?
True
Is 56 a factor of 4025601?
False
Is 287417 a multiple of 13?
True
Is 207768 a multiple of 6?
True
Does 11 divide 320669?
False
Does 47 divide 491573?
True
Is 64360 a multiple of 71?
False
Is 89124 a multiple of 14?
True
Is 2 a factor of 178570?
True
Is 576711 a multiple of 10?
False
Is 407014 a multiple of 979?
False
Does 2 divide 35078?
True
Is 1447975 a multiple of 85?
True
Does 20 divide 67940?
True
Is 38 a factor of 179930?
True
Is 146 a factor of 974658?
False
Is 408709 a multiple of 133?
True
Does 244 divide 138836?
True
Is 54 a factor of 885654?
True
Does 21 divide 113231?
False
Is 113 a factor of 5685934?
True
Is 67 a factor of 753405?
False
Does 43 divide 775333?
True
Does 218 divide 1117806?
False
Is 275373 a multiple of 7?
True
Does 477 divide 2064032?
False
Is 172 a factor of 314932?
True
Is 1411680 a multiple of 160?
True
Is 125024 a multiple of 8?
True
Does 214 divide 12240419?
False
Is 1430445 a multiple of 5?
True
Does 105 divide 337155?
True
Does 15 divide 5356985?
False
Is 47 a factor of 76939?
True
Is 13475 a multiple of 11?
True
Is 17 a factor of 119119?
True
Does 16 divide 31328?
True
Is 4015401 a multiple of 13?
True
Does 44 divide 5859416?
False
Does 9